4*x + 121 = n. What is the units digit of n?
0
Let j = -428 + 690. Let b = j + -169. What is the units digit of b?
3
Let h be 6/(-2)*(-2)/2. Let c(t) = h - 1 + 2 + t. What is the units digit of c(7)?
1
What is the hundreds digit of (-24 - 0)/((-63)/1218)?
4
Suppose 0 = 3*z + 2*z - 10. Suppose -5*c + z = 7. What is the tens digit of c/1 + (54 - 6)?
4
Suppose 0*m - m = -5. Suppose -292 = -20*x + 16*x. Suppose -m*r + 4*r - 3*u + 49 = 0, 2*r + u = x. What is the tens digit of r?
3
Suppose -3*g = -4*z - 589, 3*g - 2*z - 593 = -0*z. Let r = g - 126. What is the units digit of r?
3
What is the tens digit of (-982)/8*(-10 + 7 + -21)?
4
Let t = 1390 + -909. What is the tens digit of t?
8
Suppose 4*v + 540 = 4*j, 4*j - 264 = v + v. Let p = 248 + v. What is the tens digit of p?
1
Suppose -2*r + 8 = 0, -88 = -0*f - f + 2*r. Suppose h - f = -h. What is the units digit of h?
8
Suppose -8*x - 4634 = -15*x. What is the hundreds digit of x?
6
Let w = -15 - -17. Suppose -4*y - 4*c + 321 = c, 0 = -w*y + 2*c + 156. Let v = y - 36. What is the units digit of v?
3
Let h = 1890 - 991. What is the hundreds digit of h?
8
Let f = 245 + -11. What is the units digit of f?
4
Let u = 2400 + -529. What is the hundreds digit of u?
8
Let z(t) = -t**3 + 13*t**2 - 11*t + 2. Let l be z(12). Suppose -276 = -16*d + l*d. Let w = d - 94. What is the tens digit of w?
4
What is the hundreds digit of (-6)/(24/(-8)) - (5 + -2209)?
2
Let o(v) = 7*v**2 - 2*v - 2. Let y be o(-3). Suppose 11*f - 6*f - 4*c - 217 = 0, c - 182 = -4*f. Let m = y - f. What is the tens digit of m?
2
Suppose -p + 41 = -5*i + 3, -4*p - 3*i + 152 = 0. Let z = 76 - p. What is the tens digit of z?
3
Let p = 850 + -403. What is the tens digit of p?
4
Let k(w) = w**2 - 3*w + 5. Let p be k(4). Suppose -80 = -5*o + p*o. What is the units digit of (0 - o) + 0 - 4?
6
Let l = 14339 + -10181. What is the tens digit of l?
5
Suppose q + 5*w + 3 = 0, 2*w = 5*q - 11 - 1. Let f(j) = 6*j + 5. Let p be f(2). Suppose z - p = -q*i - 2*z, z = 5*i - 68. What is the tens digit of i?
1
Suppose 2*y = -3*y + 45. Suppose y*v = 8*v + 81. What is the units digit of v?
1
Let f = 3162 - 483. What is the hundreds digit of f?
6
Let r(z) be the second derivative of z**4/12 + 7*z**3/3 - 9*z**2/2 + z. Let c be r(-12). What is the units digit of -2*c/(-12)*-2?
1
Let p(j) = j**3 - 17*j**2 - 19*j + 12. Let b be p(18). Let u = -93 + -429. What is the units digit of u/b + (-2 - 1)?
4
Suppose -8297 = -9*x + 64. What is the tens digit of x?
2
Let f = -9 - -13. Suppose -3*p + f*p - 253 = 4*d, 2*d = -4*p + 1012. What is the units digit of p?
3
Suppose 6*l + 14 = 2*b + 2*l, -l = b - 1. Suppose -2*g + y + 23 = -27, -4*g + 100 = -b*y. What is the tens digit of g?
2
What is the tens digit of 50 + -45 - 2/((-2)/695)?
0
Let z = 310 - 259. What is the units digit of z?
1
Suppose -1 = -3*v + 8. Let z = v - 3. Suppose -80 = -4*h - 3*t, 2*h - t + 0*t - 40 = z. What is the units digit of h?
0
Suppose 2*g - 4615 + 181 = 0. What is the tens digit of g?
1
What is the tens digit of (-3486)/(-84)*(0 + -6)*-1?
4
Let u(x) = -2 + 2*x**2 - 13*x + 4 - 3*x**2. Suppose -4*d + 5*c - 24 = 0, -d - c + 4 - 19 = 0. What is the units digit of u(d)?
4
Let u = -43 - -38. Let m(t) = -2 - 12*t + t**3 + 7*t + t**2 + 4*t**2. What is the units digit of m(u)?
3
Let i = -209 - -137. Let s = i - -225. What is the units digit of s?
3
Suppose 4*i + 5*v - 1869 = 0, 2*i - 5*v - 945 = -4*v. What is the hundreds digit of i?
4
Let n(r) be the third derivative of -r**6/120 - r**5/12 + 5*r**4/24 + 5*r**3/6 - r**2. Let v = -7 - -1. What is the tens digit of n(v)?
1
Let y(i) = -i**3 + 14*i**2 - 18*i - 18. Suppose 15 = 4*d - 5*q, 2*d = d + 2*q. What is the hundreds digit of y(d)?
2
Let n(c) = -c**2 + 3*c + 4. Let b be n(6). Let p = b - -29. What is the tens digit of p?
1
Suppose w + 172 = 19. Let l = w - -276. What is the hundreds digit of l?
1
Let r(a) = -a - 16. Let c be r(-13). Let i be (c - (-1 + -2))/2. Suppose m + m - 2 = i. What is the units digit of m?
1
Let t(p) be the first derivative of p**4/4 + p**3 - 3*p**2/2 - 3*p - 1. Let k be t(-3). Suppose -y - k = -23. What is the units digit of y?
7
Let n = 19 - 16. Suppose -5*d + 12 = -n*g, 0 = -3*d - 5*g - 11 - 9. Suppose d = 3*i - 2*a - 73, 11 = i + 2*a - 24. What is the units digit of i?
7
Let v = 87 - -3. Let y be 7/35 + 57/15. Suppose -v = g - y*g. What is the tens digit of g?
3
Suppose 2*r = -j - 0*r - 4, 3*j - 5*r = -12. Let d be j - (-104 - (-2 + 6)). Suppose -5*g + d = -131. What is the units digit of g?
7
Suppose -7*d + 409 = -3070. What is the tens digit of d?
9
Let b = 17 + -13. Suppose 8 = k + b. What is the tens digit of 25 + 1*(k + -3)?
2
Suppose 0 = 2419*c - 2417*c - 2382. What is the hundreds digit of c?
1
Let b(y) = 6*y**2 - y + 22. Suppose u + 5 = 0, g - 5*u - 30 = -0*u. What is the hundreds digit of b(g)?
1
Let x be -27 - (-3)/(6/4). Let y be (3 - -48)*-1*2/6. Let p = y - x. What is the units digit of p?
8
What is the hundreds digit of (-2746)/(-4) - 10/20 - 1?
6
Let u = 249 - 141. What is the units digit of u?
8
Let q(r) = -9*r - 10. Let p(c) = c + 1. Let t(b) = 21*p(b) + 3*q(b). Let f be t(-4). What is the tens digit of (144/f)/(2/10)?
4
Let d = -28 + 28. Suppose r + 5*x - 109 = d, -r - x = 3*x - 111. What is the tens digit of r?
1
Let m(i) = -10*i - 15 - 4*i + 22*i. What is the units digit of m(7)?
1
Suppose -3*x + x + 7 = 3*z, -3*x + 5*z = -1. What is the units digit of 17/2*(4/x - -8)?
5
Let w(x) = -x**3 + x**2 - x. Let q(y) = 5*y**3 - 32*y**2 - 28*y - 10. Let f(d) = q(d) + 6*w(d). What is the tens digit of f(-25)?
1
What is the hundreds digit of 149*(6/14 + 132/231)?
1
Suppose 380 = -0*l + 4*l. What is the tens digit of l?
9
Let b = 2558 + -1328. What is the hundreds digit of b?
2
Let p = -84 - -264. What is the units digit of p?
0
Let r(s) = -3*s - 13. Let d be r(-5). Let y(a) = -1 + 3 + 47*a**2 + d*a - 4*a. What is the units digit of y(1)?
7
Suppose -2*o - 38 = -o. Let p = -2 - o. What is the tens digit of p?
3
Let y be 1 - (-3 + 0/(-3)). Let o be ((-2)/2)/((-1)/y). Suppose 3*q = o*a - 69, -109 = -2*a - 2*a - 5*q. What is the tens digit of a?
2
Let k = 1811 - 932. What is the tens digit of k?
7
Let w be (36/(-8) - 3)*2. Let s be 1692/20 - (-9)/w. Suppose 0 = 7*x - 5*x - s. What is the tens digit of x?
4
Suppose -3*v - 191 = -f + 3205, -5*f = 2*v - 17048. What is the hundreds digit of f?
4
Suppose 10*v = -165 + 625. What is the units digit of v?
6
Suppose 0 = 3*n + 3*y - 0*y - 585, -5*n + 963 = y. What is the units digit of n?
2
Let h = -481 + 1786. What is the units digit of h?
5
Suppose 4*n - 4 = -52. Let t be n/(-66) + 196/11. Let s = t + -5. What is the tens digit of s?
1
Suppose i - 3*m = -3 - 5, -4*i = -2*m + 12. Let v(j) be the second derivative of -j**5/10 - j**4/6 - j**2 - j. What is the units digit of v(i)?
6
Let d be -1*1 + 9/(-3). Suppose -5*p = 5*u - 75, 5*p + 59 - 6 = 3*u. Let w = d + u. What is the tens digit of w?
1
Let w(k) be the third derivative of -3*k**5/40 + k**4/12 + k**3 - 6*k**2. Let c(f) be the first derivative of w(f). What is the tens digit of c(-2)?
2
Let n = 209 + -193. What is the units digit of n?
6
What is the units digit of (-12)/14 + (-392656)/(-161)?
8
Suppose 4*g + 0*g = 4*b + 48, 5*b = 2*g - 45. Let q = b + 49. What is the units digit of q?
2
Let n(w) = -w**3 - 9*w**2 - 11*w - 9. Let a be n(-8). Let y be a/(-10)*16/(-6). Suppose 378 = 3*b + y*b. What is the tens digit of b?
5
Let q be -1 + 2 - (-39)/13. Suppose -3*r - x - 4*x + 33 = 0, -44 = -q*r + 2*x. What is the tens digit of r?
1
Let b(o) = 4*o - 122. Let m be b(0). Let y = m - -209. What is the tens digit of y?
8
Suppose -x + 287 + 949 = 0. Suppose -4*q = -0*q - x. What is the tens digit of q?
0
Let a(w) = 15*w + 138. What is the tens digit of a(0)?
3
Let o be 8/(-2) + 35/5. Let l(m) = -m**3 - 5*m**2 + 6*m - 9. Let u be l(-7). Suppose 2*q + o*q + n = 92, -2*q + 3*n + u = 0. What is the units digit of q?
9
Suppose -33 = 3*f - 27. What is the units digit of 4 + -4 - (-91 - f/(-2))?
2
Let o be 1/(4/(-4))*-11. Let g = 15 - o. Let b(s) = s**3 - 3*s**2 + 2*s - 4. What is the tens digit of b(g)?
2
Let k = -27 - -30. Suppose -176 = -4*s - d, -k*s - d = -2*d - 139. What is the units digit of s?
5
Suppose -26*c + 1340 = -25*c. What is the ten